). Suppose -2*m + 39 = 3*y + 2*m, -40 = -2*y + r*m. Calculate the highest common divisor of 187 and y.
17
Suppose 0 = 3*l + u - 52, -4*u = 3*l - 19 - 27. Suppose 4*i = -c + 22, -2*c - 3*i = c - 21. Calculate the greatest common factor of l and c.
2
Suppose 5*n - 7 - 8 = 0. Let c be 27*(1/n + 0). What is the highest common divisor of 9 and c?
9
Let b be 73*1 - (20 + -17). Calculate the greatest common factor of b and 10.
10
Let v = 0 + 2. Let x be (-2 + 1 - -15) + v. Suppose -4*p + x = 0, -2*m = -0*m + 2*p - 56. What is the greatest common divisor of m and 8?
8
Let i be (-10)/(-5) - (-44)/2. Let l(s) = s - 2. Let h be l(8). Calculate the highest common factor of h and i.
6
Suppose 0 = 4*c, 0 = -5*o - 2*c - 3*c - 150. Let k be 2/(-7) - o/7. Suppose 0 = 4*l + 12, -k*l = -t - t + 20. What is the highest common factor of t and 4?
4
Suppose 0 = 6*t - 166 - 164. What is the greatest common factor of 5 and t?
5
Suppose 4*v = -0*v - a + 11, -6 = 3*v - 4*a. Calculate the greatest common divisor of 18 and v.
2
Suppose -11 = -2*w - 4*v + 9, 41 = 3*w - 5*v. What is the greatest common factor of 60 and w?
12
Let s = -17 + 29. What is the greatest common divisor of 324 and s?
12
Let w(f) = f**3 + 3*f**2 + 2*f + 4. Let c be w(-3). Let y be -5*(c - (-6)/2). Let g = -3 - y. What is the greatest common divisor of 22 and g?
2
Let m be (3/1 - -71) + 3. Let f = 15 + -8. What is the greatest common factor of m and f?
7
Suppose 0 = 3*v + 2*p - 14, -p = -v + 3*p. Suppose 68 = v*c - 60. What is the greatest common divisor of 8 and c?
8
Suppose 0 = i - 4*i + 627. Suppose -o + 129 = -4*c, c = -0*o + o - 135. Let m = i - o. Calculate the greatest common factor of 8 and m.
8
Let n be 2 + 54 - (5 + -1). Calculate the greatest common factor of 13 and n.
13
Let f = 10 - 8. Suppose -f*x = -0*x - 84. Calculate the highest common factor of 14 and x.
14
Let s(w) = 2*w**2 - 3*w - 6. Let i be s(-2). What is the greatest common divisor of i and 8?
8
Suppose -t = 2*t - 6. Suppose 0 = 4*g - 5*p - 33, 0 = -5*g + t*p + 20. Suppose -g*j + 0*j + 48 = 0. Calculate the greatest common factor of j and 3.
3
Let b be (-16)/(-6) - (-6)/(-9). Let j = b - -3. What is the highest common divisor of j and 20?
5
Let k(s) = 5*s**2 + 2*s + 5. Let f be k(3). What is the greatest common divisor of f and 8?
8
Let x(f) = -f + 16. Let s be x(-7). Let k be 28/6 - 4/6. Suppose -4*i = -z + s, -2*i = -4*i - k. Calculate the greatest common factor of 15 and z.
15
Let i be (0 + (-1 - -3))*14. Calculate the greatest common divisor of 308 and i.
28
Let b = 4 + 0. Suppose b*d - 3*d - 10 = 0. Calculate the greatest common factor of 10 and d.
10
Suppose 0 = -3*o - 3 + 63. What is the greatest common factor of o and 80?
20
Let i be (1/3)/((-2)/(-18)). Let s be (-88)/((-3)/i - 0). Calculate the greatest common divisor of s and 11.
11
Suppose -3*z = 4*h - 57, -3*h + 82 - 8 = -4*z. Let w(y) = y**2 - y + 38. Let q be w(0). Let f = -26 + q. What is the greatest common divisor of f and h?
6
Let h = 15 - 10. Let b be 1/((-2)/(-38)) + 1. Suppose -b + h = -3*v. Calculate the greatest common divisor of v and 2.
1
Suppose 3*m = -6*m + 117. Calculate the greatest common factor of m and 39.
13
Let t = 4 + -2. Suppose -3*i + t*i = -35. Let d(g) = 3*g - 4. Let o be d(6). What is the greatest common divisor of o and i?
7
Suppose -2*y = 40 - 232. Suppose -5*w = -w - y. What is the greatest common divisor of w and 24?
24
Let y be (-765)/(-24) + 6/48. Suppose -3*h - 3 = -5*w - 13, 4*h = 5*w + 15. Let k be 4*((-1)/(-1) + w). What is the highest common divisor of k and y?
8
Let g(y) = -y + 34. Let u be g(5). Calculate the highest common factor of 232 and u.
29
Suppose 2*m - z = 1 + 10, 3*z = -4*m + 17. Suppose 4*t + d - 28 = -d, 0 = -3*t + m*d + 34. Let k = -1 + 3. What is the highest common factor of t and k?
2
Suppose 0 = 3*c - 5 + 2. Suppose 2*y + y - 6 = 0. What is the greatest common factor of c and y?
1
Let u(d) = -d**2 - 14*d + 2. Let t be u(-13). What is the highest common factor of 135 and t?
15
Let h(c) = -18*c**3 + 3*c**2 + 2*c + 2. Suppose -3*w - 10 = 2*w. Let x be h(w). What is the highest common factor of 14 and x?
14
Suppose -2*c + 2*d + 42 = 2*c, 5*c - d = 45. Calculate the highest common factor of 16 and c.
8
Let q = -237 - -440. Let a = -234 - -430. Suppose -a = -3*w + q. What is the greatest common factor of w and 19?
19
Let g(v) = -3*v**2 - 4*v + 7*v - 6 + 2*v**2 + 5*v. Let f = 17 - 12. Let p be g(f). Calculate the highest common factor of 72 and p.
9
Suppose -1 = -5*p + 29. Let g be p/2 + 6*7. Let f be (-56)/(-5) - 9/g. Calculate the highest common factor of 121 and f.
11
Let r = 7 + -4. Let n be -2 - ((2 - 1) + 2). Let l be (n + 6)*54/2. Calculate the greatest common factor of r and l.
3
Suppose 2*w = -2*w + y - 18, -4*y + 20 = -3*w. Let m = w + 5. Calculate the highest common divisor of m and 11.
1
Suppose u - 4*u + 48 = 0. What is the greatest common divisor of 176 and u?
16
Let i(j) = -j - 1. Let o be i(-6). Suppose -2*s + 135 = -o. Let y = 98 + -70. Calculate the greatest common divisor of y and s.
14
Let c be 2/(-4) + (-1544)/(-16). Calculate the highest common divisor of c and 3.
3
Suppose 4*b + 4*y - 23 = 17, 5*y + 10 = -b. Let k = 76 - 31. What is the greatest common divisor of b and k?
15
Let a be 0/(-3 - (-8)/4). Suppose -2*n + 64 = 2*n. Suppose 2*b + 2*b - n = a. What is the highest common divisor of 44 and b?
4
Let g(z) = 17*z - 13. Let l(u) = -11*u + 9. Let i(m) = -5*g(m) - 8*l(m). Let r be i(7). What is the highest common divisor of 112 and r?
14
Suppose -b + 10*b = 720. What is the greatest common divisor of b and 10?
10
Suppose 4*s - 61 = -s - 2*k, 0 = -2*s + k + 19. Suppose 4*r = 5*r. Suppose v - 10 - 1 = r. What is the highest common factor of s and v?
11
Let n be (-30)/60 + -81*(-2)/4. What is the highest common divisor of n and 15?
5
Let k(p) = p**3 + 5*p**2 - 9*p - 6. Let z be k(-6). Let f(m) = -m**3 + 11*m**2 + 13*m - 8. Let d be f(z). Calculate the highest common factor of d and 6.
2
Suppose -3*j = -2*i - 66, -2*i = 6 - 0. Suppose 5*b - 3*w = 62, 4*b = 5*w + 17 + 43. Calculate the greatest common factor of b and j.
10
Let z(x) be the first derivative of 2*x**3/3 + 5*x**2/2 - 4*x + 4. Suppose -2*d = -3*d - 8. Let k be z(d). What is the greatest common factor of 12 and k?
12
Suppose 313 + 233 = 2*v + 4*i, -276 = -v + i. Suppose -4*c - c = -v. What is the greatest common factor of 11 and c?
11
Let x(k) = 5*k - 1. Let u be x(3). Let g(c) = 15*c**2 + 2*c + 1. Let z be g(-1). Let s = 168 - z. Calculate the highest common factor of s and u.
14
Let t = 122 - 38. Calculate the highest common divisor of t and 12.
12
Suppose 0*w - 24 = -4*w. What is the highest common divisor of 4 and w?
2
Suppose 14 = 6*o + 2. What is the highest common divisor of o and 16?
2
Suppose 3*a - o = 3*o + 50, -75 = -4*a - 3*o. Let c = a - 7. Calculate the greatest common divisor of c and 121.
11
Let b(i) = 2*i**2 + 54. Let f be b(0). What is the highest common divisor of f and 27?
27
Suppose 0 = -0*h - 2*h + 10. Let m = h - 5. Let k(s) = s + 27. Let i be k(m). Calculate the greatest common factor of i and 3.
3
Suppose -63 + 3 = -2*b. Calculate the greatest common factor of b and 6.
6
Suppose -y - 2*y + 74 = 2*u, -31 = -2*y - 5*u. Let z = y - 20. Suppose -1 = -4*m + s + 82, 5*m + 4*s = 88. What is the highest common divisor of z and m?
4
Let h = 9 + -4. Suppose h*j - 29 = -9. Suppose 0 = -j*k + 47 + 1. What is the greatest common factor of k and 108?
12
Suppose -3*l + 0*y + 210 = -y, 0 = 3*l + 2*y - 201. Let z = l + -47. Let j = z + -3. What is the highest common divisor of 95 and j?
19
Let v(z) = -z**3 - 12*z**2 - 9*z + 25. Let u be v(-11). Calculate the greatest common divisor of 18 and u.
3
Suppose 0 = 2*i - 11 - 23. Calculate the greatest common divisor of i and 187.
17
Let w = -10 + 12. Let h be (w/(-4))/((-9)/1512). Calculate the highest common factor of 28 and h.
28
Let m(k) = 4*k - 4 + 2*k**2 + 0*k**2 - 1. Let q be m(-4). Calculate the greatest common divisor of q and 11.
11
Let t be 0/2 - -1*3. Suppose 0 = -2*i - 8, -2*r - i = i - 40. Suppose -t*g = -0*g - r. What is the greatest common factor of 32 and g?
8
Let y be ((-5)/15)/((-2)/(-6)). Let p be 1*y/((-3)/24). What is the greatest common factor of 64 and p?
8
Le